e of p(f). Determine a(-6).
-3
Suppose 3*h + 1 = -2. Let z(v) be the first derivative of v**2 + v + 1/3*v**3 + 4*v**4 - 13. What is z(h)?
-16
Let q(o) = 3*o**3 + 2*o**2 + o + 4. Let r(g) = 7*g**3 + 3*g**2 + 2*g + 8. Let i(y) = -5*q(y) + 2*r(y). Let s = 8 - 10. Let h = -5 - s. What is i(h)?
-10
Suppose 2*g - 6*g + 477 = -5*f, 5*g + 5*f - 585 = 0. Let m(d) = -3 - d**3 + 8*d**2 - g*d + 56*d + 60*d. Determine m(3).
36
Suppose -2*a - 3 = -3*a. Suppose -5*b + 4*t + 70 = 0, -30 = 5*b - 2*t - 100. Let g(y) = -a + 7*y + y + 3*y - b*y. What is g(6)?
-21
Let p(f) = -f - 14. Let s be p(0). Let n(y) be the third derivative of y**6/120 + y**5/4 + 5*y**4/8 + 3*y**3/2 - 49*y**2 + 2*y - 69. Calculate n(s).
-5
Let j(k) be the second derivative of -k**5/60 + k**4/6 - 3*k**2/2 + 4*k. Let q(w) be the first derivative of j(w). Let v = -618 - -623. Give q(v).
-5
Let y = 18 + -24. Let c(x) = 4*x - 5. Let s(j) = -j + 7. Let o(z) = -1. Let r(h) = -10*o(h) - 2*s(h). Let l(a) = 2*c(a) - 3*r(a). Determine l(y).
-10
Let b be 3*(12/(-9))/(19/(-3) + 5). Let i(l) = 16*l - 4. Give i(b).
44
Let r(o) = -2*o**2 + o + 11. Let c(x) = -5*x**2 + 2*x - 6. Let q(f) = 6*f**2 + 2*f + 5. Let m(t) = -3*c(t) - 2*q(t). Let z be m(2). Give r(z).
11
Suppose 0 = -m + 3*l + 50, -106 = -2*m + 5*l - 9. Let t = m + 1. Let w = -41 + t. Let k(p) = 4*p**3 + p**2 - 2*p + 1. Calculate k(w).
4
Suppose -8*t = -7*t - 1. Let k(z) = -t + 0 - 10 - 9 - 15*z - z**2. Let s = 472 - 486. Give k(s).
-6
Let p = 487 + -487. Let j be 6/(-1 + 3) + 15. Suppose j = -2*l - 2*z, -4*l - 16 = -p*l - z. Let i(f) = -f**2 - 3*f. Give i(l).
-10
Suppose -155 = -5*k + 10. Let q = k + -35. Let m(c) = -74 + 74 - c. Give m(q).
2
Suppose -13*b = -3*b + 71 - 121. Let q(j) = -j**2 + 9*j + 2. Calculate q(b).
22
Let q(w) = -38 + 14*w**3 + 53*w**3 + 16*w - 68*w**3 - 15*w**2. Give q(-16).
-38
Let q(i) = i + 12. Let b be (-203)/(-58) + (-2)/(-4)*-1. Let v(t) = 2*t**3 - 4*t**2 + 6*t - 5. Let u be v(b). Let g = u + -40. Calculate q(g).
3
Suppose 46*t - 198 - 32 = 0. Let n(g) = 14 - 8*g + g**2 + 12*g + 10*g - t. Calculate n(-13).
-4
Let k(b) = 13*b - 45. Let l be k(3). Let j be (-15)/(-6) - 3/l. Let q(o) = -o + 7. What is q(j)?
4
Let y be 232/60 + (-4)/(-30). Suppose -2*w = -0*r + 5*r - 14, 0 = -4*r + y*w. Let x(l) = 4*l + 9*l**2 - r*l - 15*l**2 + 3 + 5*l**2. Calculate x(-2).
-5
Let j(w) = -w**3 - 9*w**2 - 10*w - 13. Suppose -251 = -10*m - 331. What is j(m)?
3
Let k(w) = -256 - 252 + 983 - w - 245 - 247. Give k(-17).
0
Let m be (-156)/72 + (-1)/(-6). Let b be (80/28)/(m/7). Let n(o) = -o - 12. Calculate n(b).
-2
Let x(l) = -64*l - 3. Suppose 9*t - 14*t + 7 = 4*a, t + 4 = a. Give x(t).
61
Let f be (-76)/(-5) - 36/(-45). Suppose -12*x = -f*x + 48. Let a(m) = -2 + 4 + x*m - 7*m - 6*m. Calculate a(4).
-2
Let y(o) = -10*o**3 + 5*o**2 + 10*o - 11. Let c(b) = -12*b**3 + 5*b**2 + 11*b - 12. Let j(x) = 4*c(x) - 5*y(x). Give j(3).
-2
Let u(w) be the third derivative of w**5/60 + 5*w**4/24 + w**3 - 24*w**2 - 2*w - 158. Suppose 0 = 4*s - 8, 0*s = -4*n + 5*s - 30. Calculate u(n).
6
Let h(f) = -3*f + 151. Suppose 7*t = 4*n + 392, 4*t + 2*n - 229 = 5*n. Determine h(t).
-5
Let h be 56/2*(4 - 9/4). Let m(v) = -2*v**2 - 46*v - v**2 + h*v - 1. Determine m(2).
-7
Let f(b) = 83*b**3 - 195*b**2 + 254*b + 379. Let j(y) = 11*y**3 - 28*y**2 + 36*y + 54. Let v(m) = 2*f(m) - 15*j(m). Give v(-31).
-21
Let c(p) be the first derivative of 2*p**2 - 17*p + 5. Let f be c(3). Let m(r) = -r - 1. Calculate m(f).
4
Let b(g) = -4*g - 7. Suppose -19*k - 165 = 405. Let o be ((-10)/(-6))/((40/k)/(-4)). Give b(o).
-27
Suppose -1 = 2*t - 2*i + 1, -5*i - 4 = 4*t. Let w(p) = -9*p**2 + 1760 - 868 - 892. What is w(t)?
-9
Let d = -191 - -66. Let z = -126 - d. Let m be ((-10)/(-25))/(z - 14/(-15)). Let l(q) = q + 3. What is l(m)?
-3
Suppose -155*g - 12454 = 324*g. Let b(l) = 2*l + 19. Give b(g).
-33
Let g(a) be the first derivative of 3/2*a**3 + 0*a**2 - 49 - 9*a. Let l(x) be the first derivative of g(x). Determine l(2).
18
Let q = 4 - -2. Let u(d) = 1 + 5 - 137830*d**3 + 137829*d**3 + 5*d**2 + 8*d - 2. Determine u(q).
16
Let q(p) = 4*p + 59. Let i be (3390/1017)/(1 + (-11)/9). What is q(i)?
-1
Let y(z) be the second derivative of 63 + 1/5*z**5 - 1/6*z**3 + 0*z**2 + 1/12*z**4 - z. Let w be -2 - -2 - 2/(-2). Determine y(w).
4
Suppose -5*f = -2*y + 7*y - 2490, -3*f - 2*y + 1495 = 0. Let c(s) = f*s**3 + 2*s - 500*s**3 - 5*s**2 + 2*s. Calculate c(-6).
12
Let q(s) = 30*s + 21. Let x be q(8). Let z(j) = x*j + 252*j - 512*j - 4. Determine z(-9).
-13
Suppose -69*f - 650 = -394*f. Let h(s) be the third derivative of 1/12*s**4 + 1/3*s**3 - 36*s**f + 0 + 0*s. Give h(-3).
-4
Let m(q) be the first derivative of q**4 + 17*q**3/3 + q**2/2 - 2*q + 9709. Give m(-4).
10
Let c = -4376 - -4369. Let o(u) = -u**3 - 7*u**2 + 3*u + 21. Determine o(c).
0
Let f(d) = -d + 1. Let k(h) = -2*h**3 + 6*h**2 - 11*h + 6. Let p(y) = 50*y + 402. Let z be p(-8). Let a be k(z). Determine f(a).
9
Suppose -20 = -k - 10. Let y = -10 + k. Let g(d) = 2 - 2*d**2 - d - 5*d + y*d + 3*d. Give g(-3).
-7
Suppose -4*v - c = v - 20, 0 = 5*v - c - 30. Let l(t) = 4*t**3 - 6507*t - 6*t**2 + 6511*t + 2 - 3*t**3. Give l(v).
-3
Let k(u) = -3*u + 77. Suppose 1686*h = 1671*h + 405. Give k(h).
-4
Suppose 20180 = 9*u + 11*u. Let w(q) = 7*q**3 + u + 4*q**3 - 1010. Suppose -4*y + 4 = -0*y. What is w(y)?
10
Let l(j) = 23*j**2 + 5*j - 6. Let g be l(1). Suppose -5*v + 15 = 0, -3*k = g*v - 19*v - 24. Let n(x) = -x**3 + 4*x**2 - 2*x + 1. What is n(k)?
-34
Let g(m) = m**3 - 9*m**2 - 10*m + 7. Suppose -563 = -6*j + 9*j - 4*p, 2*p = 4*j + 754. Let h = 199 + j. What is g(h)?
7
Let f(w) = 13*w + 697 + 699 - 1385 - 4*w**2. Calculate f(6).
-55
Let y(o) = 2*o - 1. Suppose -9 = 3*x + 5*h, -2*h = -5*x + 24 - 8. Suppose 5*v = x*u - 5 + 3, -2*v - 4 = 0. Determine y(u).
-9
Let n(t) = -3*t**2 + 5*t - 22. Suppose -129*f + 253 = -14*f - 322. Give n(f).
-72
Let z(b) = -b**2 + 34*b - 31. Let x be z(12). Let g = x - 227. Let d(m) = -3 + m - 2*m + 3*m. Determine d(g).
9
Suppose 2*s = -5*a + 35, 3*s + 5 = a - 2. Let z(w) = -2*w**2 + 12*w + 19. Let r be z(a). Let c(v) = v**2 - 8*v + 9. What is c(r)?
-6
Let o(w) = 116*w + 708. Let b be o(-6). Let v(h) = 2*h**2 - 9*h + 25. What is v(b)?
205
Let t(o) = 63*o**3 - 3*o - 3. Suppose 98*b = 93*b + k - 12, -4*k = 5*b - 23. Give t(b).
-63
Suppose -4*o - 12 = 2*u, 36*u + 3*o = 31*u - 2. Let k(g) = 7 + 75*g**u - 8 - 78*g**2 + 2*g. Give k(2).
-9
Let g(x) = 7*x + 1. Let l(h) = -6*h - 15. Let o(s) = 7*s + 15. Let a(r) = -3*l(r) - 2*o(r). Suppose -19*t = -0*t + 76. Let u be a(t). Determine g(u).
-6
Let t(i) = -8*i - 208. Let o be (10 - 182/18) + (-968)/36. Calculate t(o).
8
Suppose 2*d + 4*q - 6*q = -8, -2*d - 5*q = -6. Let m(j) = -14*j - 10. Give m(d).
18
Let k(y) = 1 - 5*y - 8 + 0*y**2 - y**2. Suppose 25*x - 20*x - 27 = -3*g, -2*g - 48 = -4*x. Determine k(g).
-13
Let f(c) = -10 - 2 + 3*c**2 - 2*c**2. Let y(t) = -501*t - 8016. Let w be y(-16). Calculate f(w).
-12
Let m(z) = -5*z**2 - 45*z. Let s be (-4 + (-484)/(-154))/((-2)/(-21)). Calculate m(s).
0
Let g(o) = -32*o + 17. Let q = 12911 - 12910. What is g(q)?
-15
Suppose 2*c - 1212 = -2*y + 5*y, 5*y + 592 = c. Let x = -623 + c. Let m(w) = -w - 6. Give m(x).
5
Let i(g) be the third derivative of -g**6/120 - g**5/5 + g**4/6 + 7*g**3 - 3*g**2 - 27. Calculate i(-12).
-6
Let w(x) = 6*x + 3. Suppose 0 = 4*r - 914*a + 918*a - 28, 0 = -5*r - 3*a + 23. Determine w(r).
9
Suppose -34*m = -2*m + 128. Let o(c) = -4*c - 5. What is o(m)?
11
Let t(c) = c**2 - 4*c + 3. Suppose 5*l - 6 = 9. Let d(n) = -5 + l*n + 4 + 3 - 4*n. Let w be d(-1). Calculate t(w).
0
Let t(g) be the third derivative of -1/12*g**4 + 0*g + 0 - 2/3*g**3 + 145*g**2. What is t(-4)?
4
Let w(r) be the first derivative of -3*r**2/2 + 4*r + 4. Let a be (-27)/(-270) + 199/10. Suppose -7*q = a - 48. Give w(q).
-8
Let b(i) be the third derivative of i**6/120 + i**5/20 - 7*i**4/4 - 43*i**3/3 + 1397*i**2. Calculate b(-2).
2
Let z be ((-6)/(-9))/(8/60). Suppose -5*c = 4*l + 104, -4*c = -c + 12. Let d be (-1 - l/15) + (-2)/z. Let y(n) = n**2 - n + 6. Determine y(d).
6
Let r(y) = 13 - 515*y + 1205*y - 71 - 694*y. Give r(-18).
14
Let v(d) = -11*d + 12. Let f be ((-5)/30*-8)/(62/18 + -3). Give v(f).
-21
Let k = -344 + 349. Let i(d) = -7*d - 6*d**2 - k*